 the tens digit of h(4)?
3
Let z = 36 + -6. Suppose -4*r + z = 5*p - 9*r, 4*r - 6 = p. What is the tens digit of p?
1
Let n = -12 + 28. What is the tens digit of n?
1
Let s(q) = 3*q**2 - 4*q**2 + 9*q - 15*q + 0*q**2. What is the units digit of s(-3)?
9
Let m(z) = z**2 + 4*z - 2. Let x be m(-6). Suppose x = 5*l - 5. Suppose -l*o + 2 = -2*o, 3*o = q - 2. What is the units digit of q?
8
Let d = 431 - 217. What is the hundreds digit of d?
2
Let p(g) = -2*g + 1. Let x be p(2). What is the tens digit of (2/x)/((-4)/210)?
3
Let b(x) = -x**3 - 4*x**2 + 5*x + 3. Let r be b(-5). Suppose m = -2*l - 0*l + 55, -r*m + 3 = 0. Let j = l - 18. What is the units digit of j?
9
Let m = 3 - 0. Let o = m - 1. Suppose -p = -2*p + o. What is the units digit of p?
2
Suppose 5*i + 124 = 7*i. What is the tens digit of i?
6
What is the tens digit of 52/(((-2)/(-15))/((-3)/(-15)))?
7
Suppose 0 = v + 2*n + 3 - 1, -4*v = n + 29. What is the tens digit of 4/v*(-22)/1?
1
Let u(s) = s**3 + 9*s**2 - 9. What is the units digit of u(-8)?
5
Suppose 0*m - 5*m = -255. Let h = m + -36. What is the units digit of h?
5
Let f(s) = s + 2. Suppose 7 = -2*q + 21. What is the units digit of f(q)?
9
Let d(p) = 14*p**2 - 2*p - 2. What is the tens digit of d(2)?
5
Suppose -t + 7 + 35 = 0. Let v = t - 23. What is the units digit of v?
9
Let b = -177 - -255. What is the tens digit of b?
7
Let l(a) = -a**3 - 10*a**2 - 9*a + 3. Let u(z) = -z**2 + 5*z + 5. Let k be u(7). What is the units digit of l(k)?
3
Let j(o) = o**2 + 5*o + 4. Let v be j(-4). Suppose 2*c + 5*g = 30, v = 4*c + 4*g - 57 + 9. Let q = 29 - c. What is the tens digit of q?
1
Let b(c) = -c + 10. Suppose -3*t - 7 = -37. Suppose -3*q + 11 = -t. What is the units digit of b(q)?
3
Suppose 0 = 3*o - 7*o - 4*i, -3*i - 16 = -o. Suppose 11 = -4*w + 4*c + 3, o = w + 2*c. Suppose -s = -w*s - 4. What is the units digit of s?
4
Suppose -366 = -5*d - 61. What is the units digit of d?
1
Let f(x) = x**2 + 6*x + 4. Let g be f(-6). Suppose -g*c + 60 = -8. What is the tens digit of c?
1
Suppose 19*j = 8*j + 3355. What is the hundreds digit of j?
3
Let k(a) = -2*a**3 + 6*a**2 - 2. What is the units digit of k(-4)?
2
Suppose -25 = -4*a - t, 5*a + 4*t = 8*a - 14. Let i be 2*(a/4 - 0). Let q = 9 - i. What is the units digit of q?
6
Let v(z) = z**2 + 6*z - 4. Let m be v(-7). Suppose 0 = 5*x - 2*s, 3*x + x + 4*s + 28 = 0. Let w = x + m. What is the units digit of w?
1
Let a = -9 - -11. Suppose a*s + j = 29, s - 32 = 5*j - 2*j. What is the tens digit of s?
1
Suppose -4*t + 0*t + 5*b + 617 = 0, b - 305 = -2*t. What is the tens digit of t?
5
Let c(i) = -i - 7. Suppose g = 1, 0 = -y + 2*g + g - 14. Let w be c(y). Suppose 35 = l + w*l. What is the units digit of l?
7
Suppose -4*j - 16 = 4*q, 5*j + 4*q + 16 = 2*j. What is the units digit of 11 - j - (-7 + 7)?
1
Let v be (-42)/7*(1 - 2). Suppose 2*q + v*l = 2*l + 8, 0 = -2*q + 2*l + 38. What is the units digit of q?
4
Let t(y) be the first derivative of y**4/12 + 5*y**3/6 + y**2/2 + 3*y + 4. Let c(a) be the first derivative of t(a). What is the units digit of c(-5)?
1
Suppose 5*d - z - 28 = 12, 5*d - 4*z = 25. Let u = d - -13. What is the units digit of u?
2
Suppose -b = 4*b. Suppose -8 = i - b*i. Let w = 11 + i. What is the units digit of w?
3
Let x(a) = 4*a**2 + a - 2. Let g be (-21)/6 - (-3)/2. What is the units digit of x(g)?
2
Suppose 5*f + 0*f - 25 = 0. Suppose f*r - 66 = 84. What is the units digit of r?
0
Suppose 42 = 4*n - 6*n. Let g be n/(-4) - 2/8. Suppose 2*a + g*o = -13, -1 - 9 = 5*a + 5*o. What is the units digit of a?
1
Let u(q) = q**2 - 4*q + 4. Suppose -2*r = 4*n + 11 - 1, 2*n = -3*r + 1. What is the units digit of u(r)?
1
Let q(a) be the first derivative of a**3/3 + 3*a**2 - 7*a + 2. Let h be q(-7). Suppose -d + 3 + 7 = h. What is the tens digit of d?
1
Let c = -32 + -2. What is the units digit of c/(-10) - (-2)/(-5)?
3
Let c(w) = w + 6. Let d be c(0). Let x(z) = z**2 - 7*z - 5. Let q be x(d). Let k = q + 22. What is the tens digit of k?
1
Let h(a) = -a - 1. Let x be h(-5). Suppose -x + 44 = -4*r. Let k = 18 + r. What is the units digit of k?
8
Suppose 1 = m - 1. Suppose -21 = 4*v + 5*u + 71, 0 = -4*v - 4*u - 88. What is the units digit of (m + -3)/(2/v)?
9
Suppose -109 = -3*r + 5*h + 33, -3*h + 3 = 0. Suppose -3*u + 0*u + r = 5*d, -4*d = 16. What is the units digit of u?
3
Let n(i) = 26*i**3 + 3*i**2 + 4*i - 2. What is the units digit of n(2)?
6
Let d = 68 - 38. What is the tens digit of d?
3
Let h = -12 - -27. Suppose -4*t - h = -7*t. Suppose t*g = a + 98, -4*a = -4*g - a + 85. What is the tens digit of g?
1
Let z(h) be the first derivative of h**3/3 + 3*h**2/2 + 2*h - 2. Let c be z(-3). What is the units digit of (-21)/(-3) + (2 - c)?
7
Let i = -2 + -2. Let d(l) = l**2 + 4*l - 1. Let j be d(i). What is the tens digit of j/(-1*1/10)?
1
Suppose -3*o - 1 - 5 = 0. Let b be ((-2)/3)/(o/(-3)). What is the units digit of b/6 - 343/(-42)?
8
Let y be (45/(-6) + 2)*-2. Suppose z - 7 = y. What is the tens digit of z?
1
Suppose -5*j - 3*p = -128, 2*p - 7*p = 2*j - 36. Suppose 2*x + g - j = -3*x, -x = -5*g + 10. What is the units digit of x?
5
Suppose 2*u - 96 = -u. Let d = u - 19. What is the tens digit of d?
1
Let p = 3 + -3. Suppose x + 2*x = p. Suppose -2*r + a = -35, -r - a + 0*a + 10 = x. What is the tens digit of r?
1
What is the units digit of (-1 + 1 - -3) + 89?
2
Suppose -2*w + 4*o = 2*w + 16, 4*w - o = -4. Suppose w*b + 16 = 2*b. Let i(c) = 2*c - 9. What is the units digit of i(b)?
7
What is the tens digit of (3/2)/(12/192)?
2
Let h(y) = -y**2 + 4*y - 8. Let a be h(6). What is the units digit of (-650)/a*8/10?
6
Suppose 4*t = 2*t + 152. What is the tens digit of t?
7
Let w be (-12)/30 + (-14)/(-10). Let h = w - -1. What is the units digit of h?
2
Let j be (-1 - 1) + 6/1. Let m be (-36)/3*(-2)/j. Suppose m*x - x = 50. What is the units digit of x?
0
Suppose -4*v + 2*k + 204 + 38 = 0, 0 = 4*v + k - 251. What is the tens digit of v?
6
Suppose -1 = -5*v + 4*i, -3*i + 8 = 2*v + 3. Let t be v - ((-9)/3)/(-3). Suppose 5*m + q + 9 - 51 = 0, -2*m + 2*q + 12 = t. What is the units digit of m?
8
Let u be (66/4)/(15/40). Let j be (-26)/(-6) + (-2)/6. Suppose -4*h + u = j. What is the units digit of h?
0
Let h(w) = -3*w**3 + 13*w + 5. Let o(j) = -2*j**3 + 7*j + 2. Let n(u) = -3*h(u) + 5*o(u). What is the units digit of n(-3)?
4
Let o(x) = x**3 + 6*x**2 - 9*x + 1. What is the units digit of o(3)?
5
Let f(n) = n**2 - 9*n + 3. Let s be f(9). Suppose -3*r + 10 = 3*t - 5, 0 = -r + s*t + 9. What is the units digit of r?
6
Let t = 36 + -22. What is the units digit of t?
4
Suppose 3*d + 1 - 10 = 0. Let s = d - 0. What is the units digit of s?
3
What is the units digit of (296/(-12))/(4/(-6))?
7
Let b(i) = -5*i**2 + 2*i**2 + i**2 - i**3 + 5*i. What is the tens digit of b(-4)?
1
Let h(v) = v**3 + 7*v**2 - 2*v - 4. Let u = -21 + 15. What is the units digit of h(u)?
4
Let q be 0 - -1 - 1/1. Suppose -5*d + 4*x + 15 = 0, 23 = 4*d - q*x - x. What is the units digit of d?
7
Suppose 0 = 3*u - u - 10. Suppose 0 = 2*o - 4*o - 2*p + 8, 0 = -3*o - p + 12. Suppose u*w = 4*y + 64, -5*w - 5*y + o*y = -59. What is the units digit of w?
2
Let k(o) = -o**3 - 6*o**2 + 7*o + 1. Let c be k(-7). Let h be c + 6/9*3. Suppose -6*j = -h*j - 33. What is the units digit of j?
1
What is the units digit of (-1925)/(-45) - 4/(-18)?
3
Let f(o) = -o - 4. Let q be f(-9). Suppose -q*y + 0*a + 23 = a, 0 = 3*y - 3*a - 21. What is the units digit of y?
5
Let i be -23 - 4/(12/(-9)). Let h = i + 50. What is the units digit of h?
0
Let y(f) = -4*f**2 + 3*f + 4. Let w be y(-3). Let a = w + 57. What is the tens digit of a?
1
Let s = -2 - 7. Let p = -3 - s. What is the units digit of (0 - -7)*(7 - p)?
7
Let c = -3 - -6. Suppose 9 = c*z - 0*z. What is the units digit of z?
3
Let a = -10 + 2. Let d be 137/4 + (-6)/a. Let r = d - 21. What is the tens digit of r?
1
Let s(h) = h**2 + 4*h - 6. Let t be s(7). Let j = t + -51. What is the tens digit of j?
2
Let p = -52 + 63. What is the units digit of p?
1
Suppose 0 = -6*h - 0*h - 24. What is the units digit of (-28*h/4)/2?
4
Let l = 22 + -1. What is the units digit of l?
1
Let q(x) = 78*x**2 - x - 5. What is the hundreds digit of q(2)?
3
Let u = -95 + 185. What is the tens digit of u?
9
Suppose 3*o - 464 = -o. L